-9?
-22
In base 7, what is -26542 - -4?
-26535
In base 6, what is 1134 + 14?
1152
In base 2, what is -10100010 - -100?
-10011110
In base 5, what is 1122 - -20?
1142
In base 10, what is -2 + -1174?
-1176
In base 15, what is 5 + -1aa?
-1a5
In base 7, what is -14550 - 13?
-14563
In base 6, what is 2 + 525?
531
In base 7, what is 10 + 3143?
3153
In base 5, what is -33442 - -1?
-33441
In base 9, what is 267 - -1?
268
In base 3, what is 122 + 12?
211
In base 16, what is fe + 2?
100
In base 8, what is 10 + -1450?
-1440
In base 9, what is -4 + 302?
287
In base 6, what is 4 + -2115?
-2111
In base 12, what is 3 + 40?
43
In base 13, what is -7a + -3?
-80
In base 13, what is 5510 - -1?
5511
In base 6, what is -244415 - 4?
-244423
In base 10, what is -16 + -13?
-29
In base 13, what is -7 + 66?
5c
In base 5, what is -10012 - 3?
-10020
In base 2, what is 10 + -1011011?
-1011001
In base 2, what is 11111 + 101?
100100
In base 3, what is 2121001 - -11?
2121012
In base 4, what is -2 - 2302?
-2310
In base 7, what is 0 - 36?
-36
In base 3, what is 12 - 22?
-10
In base 15, what is 2ac - -4?
2b1
In base 12, what is -123 + -2?
-125
In base 11, what is -9a - -102?
13
In base 5, what is 2 - -40324?
40331
In base 5, what is 11 + -142?
-131
In base 13, what is 481 - -5?
486
In base 9, what is 7 - 556?
-548
In base 2, what is 10100 - 1110?
110
In base 9, what is 1 + -704?
-703
In base 9, what is -450 - -1?
-448
In base 12, what is 3 + 467?
46a
In base 12, what is -22 + -145?
-167
In base 10, what is 32 - -1?
33
In base 16, what is f - -129?
138
In base 15, what is 1 + -e?
-d
In base 8, what is -6 + -112?
-120
In base 2, what is -11001011011111 + 11?
-11001011011100
In base 6, what is -2 + 23?
21
In base 9, what is 7 - 23?
-15
In base 12, what is 11aa + -4?
11a6
In base 11, what is -3 - -3161?
3159
In base 4, what is -10 - 2022?
-2032
In base 16, what is 6 - -25?
2b
In base 14, what is -5 - -6?
1
In base 4, what is -12 + -2?
-20
In base 4, what is -202 + -33?
-301
In base 13, what is -181 + 8?
-176
In base 2, what is -10011 + 10001?
-10
In base 14, what is 1 + -78?
-77
In base 12, what is 4 + 34?
38
In base 12, what is -118 - 95?
-1b1
In base 3, what is 21 - -1101200?
1101221
In base 6, what is -4 - -3?
-1
In base 3, what is -21112 + -111?
-22000
In base 10, what is -5 - 214?
-219
In base 13, what is 671 - 3?
66b
In base 3, what is 121120 - -112?
122002
In base 8, what is 35 + -13?
22
In base 6, what is -10513 - -10?
-10503
In base 8, what is -300 + 211?
-67
In base 5, what is 13 - 22?
-4
In base 14, what is -4 + ba?
b6
In base 7, what is 16 - 0?
16
In base 6, what is 315 + 1?
320
In base 6, what is 5 + -322?
-313
In base 7, what is -25 + 15?
-10
In base 7, what is -10436 - 1?
-10440
In base 5, what is 1441031 + 2?
1441033
In base 10, what is 2 + 56?
58
In base 12, what is 3 + 737?
73a
In base 15, what is -4 - 45?
-49
In base 9, what is -5 + -1528?
-1534
In base 6, what is 150 - 1013?
-423
In base 6, what is 2 - 5101?
-5055
In base 12, what is 53 + -42?
11
In base 13, what is -1 - -b7?
b6
In base 5, what is -2 - -41303?
41301
In base 5, what is 231 + -101?
130
In base 16, what is -3a - 22?
-5c
In base 11, what is -316 - 1a?
-335
In base 7, what is -1 - 301?
-302
In base 14, what is 279 + 1?
27a
In base 3, what is -210 + -12?
-222
In base 5, what is 20334 - 10?
20324
In base 5, what is -10214 - -2?
-10212
In base 14, what is 5 - -18d?
194
In base 12, what is 29 + 61?
8a
In base 11, what is 1a47 + -5?
1a42
In base 4, what is 3 + 3221?
3230
In base 6, what is 5 - 30?
-21
In base 9, what is -10 + -784?
-804
In base 15, what is 3 - -25?
28
In base 9, what is 15348 - 4?
15344
In base 10, what is 257 - -2?
259
In base 2, what is 0 + -100101101?
-100101101
In base 5, what is -13140 + -3?
-13143
In base 7, what is -164 + -5?
-202
In base 11, what is -5 - -18?
13
In base 3, what is -10010 - 2?
-10012
In base 10, what is -18 + -26?
-44
In base 10, what is 6 - 40?
-34
In base 5, what is 4 + -214?
-210
In base 2, what is 101 - -1100110?
1101011
In base 11, what is -21866 - -3?
-21863
In base 14, what is -21 - -1?
-20
In base 14, what is 555a + 0?
555a
In base 4, what is 23022 - -2?
23030
In base 4, what is 3221 + -32?
3123
In base 8, what is -256 + -121?
-377
In base 10, what is -15495 - -2?
-15493
In base 9, what is 2 + 603?
605
In base 13, what is 17b + -3?
178
In base 2, what is -1110 + 1001?
-101
In base 5, what is -4 - -423?
414
In base 3, what is 21 + -22011?
-21220
In base 5, what is -311 + -11?
-322
In base 7, what is -212 + 12?
-200
In base 2, what is 1 - 1100001?
-1100000
In base 2, what is 100 - 1000011?
-111111
In base 8, what is -13 - -22?
7
In base 4, what is 11 + 1102011?
1102022
In base 4, what is -213121 - 11?
-213132
In base 3, what is 1011012 - 2?
1011010
In base 13, what is 3a3 + -1?
3a2
In base 6, what is -11 + 41?
30
In base 12, what is -3 + -8b?
-92
In base 7, what is -4 - 42?
-46
In base 13, what is 65 + -3?
62
In base 6, what is 0 - 113?
-113
In base 3, what is 20220 + 12?
21002
In base 10, what is 0 + -129?
-129
In base 7, what is 16 - -1?
20
In base 11, what is 7 - -18?
24
In base 13, what is 4 - -66?
6a
In base 12, what is -34a + 2?
-348
In base 15, what is 96b - -5?
971
In base 9, what is 3 - -270?
273
In base 10, what is 0 - 960?
-960
In base 3, what is -11220 - 0?
-11220
In base 5, what is -4 + -3?
-12
In base 16, what is a - -7b?
85
In base 7, what is 2 + -5123?
-5121
In base 2, what is -1010100000 + 10?
-1010011110
In base 8, what is -5 + -14?
-21
In base 7, what is 54 + 102?
156
In base 7, what is -3 - -345?
342
In base 5, what is 2 - -11?
13
In base 16, what is 14 - 62?
-4e
In base 15, what is -83 + 3?
-80
In base 5, what is -13131 - 0?
-13131
In base 9, what is 81 - -82?
173
In base 15, what is -2 + c?
a
In base 9, what is 568 - -1?
570
In base 4, what is -1 + 12322?
12321
In base 2, what is 11010 - 10?
11000
In base 12, what is -91 + 8b?
-2
In base 15, what is -13 - 3?
-16
In base 5, what is 21 - 11?
10
In base 16, what is 12 + e?
20
In base 7, what is 523 + 4?
530
In base 10, what is -19 + -86?
-105
In base 5, what is 44 + 10?
104
In base 13, what is -8 - -10?
5
In base 15, what is 37 + -3?
34
In base 9, what is 63 + 5?
68
In base 7, what is -2405 + 14?
-2361
In base 10, what is -14 - -7?
-7
In base 13, what is a7 - -14?
bb
In base 16, what is -647 + -1?
-648
In base 6, what is -432 - -320?
-112
In base 14, what is -b3 - -46?
-6b
In base 13, what is 4c77 - 5?
4c72
In base 8, what is 13 + 127?
142
In base 12, what is -58 + -82?
-11a
In base 2, what is 101011100 - -10?
101011110
In base 9, what is -434 + 18?
-415
In base 5, what is 10 - 1112?
-1102
In base 9, what is -13 + 15?
2
In base 12, what is -3 - 7b5?
-7b8
In base 14, what is -2 - 107?
-109
In base 11, what is 1 + 12?
13
In base 7, what is -32 - -14?
-15
In base 7, what is 3 - -156?
162
In base 13, what is -3 - 1832?
-1835
In base 10, what is -14 - 5?
-19
In base 11, what is -2 - -41?
3a
In base 5, what is -3223100 - 2?
-3223102
In base 9, what is -167 + -27?
-205
In base 12, what is 0 + -26?
-26
In base 5, what is -4020 + -30?
-4100
In base 10, what is -2 + -494?
-496
In base 9, what is 0 + -22?
-22
In base 2, what is 100 + -1100?
-1000
In base 6, what is 1 - -2411?
2412
In base 5, what is -1332 - 101?
-1433
In base 2, what is -1101101 + 1011010?
-10011
In base 2, what is 1101101 + -1011?
1100010
In base 11, what is -101 - -1?
-100
In base 14, what is 1 - -82?
83
In base 4, what is 2 - -121112?
121120
In base 15, what is 33 + 1?
34
In base 13, what is 13 + -1a?
-7
In base 11, what is 7 + 60?
67
In base 16, what is 11 - -1a3?
1b4
In base 7, what is 3344 + 2?
3346
In base 6, what is -1 + -105?
-110
In base 4, what is -22 - 121?
-203
In base 16, what is -1 + 54?
53
In base 13, what is -3 + 33?
30
In base 3, what is 1222122 + 10?
1222202
In base 9, what is 5 - 875?
-870
In base 16, what is 8 - -11d?
125
In base 6, what is -133 - 2003?
-2140
In base 15, what is -4 + 249?
245
In base 14, what is 2 + -d85?
-d83
In base 8, what is 1010 - -1?
1011
In base 3, what is -1000021 - -2?
-1000012
In base 13, what is -13 + a?
-6
In base 5, what is 10 - 141?
-131
In base 8, what is -65 - 0?
-65
In base 16, what is -49 + 0?
-49
In base 6, what is -224 + -3?
-231
In base 16, what is 12 - 26?
-14
In base 14,